{"id":82,"date":"2023-05-18T16:22:52","date_gmt":"2023-05-18T21:22:52","guid":{"rendered":"https:\/\/halalultimateclub.com\/?page_id=82"},"modified":"2023-05-21T16:18:58","modified_gmt":"2023-05-21T21:18:58","slug":"temporada-2023","status":"publish","type":"page","link":"https:\/\/halalultimateclub.com\/index.php\/temporada-2023\/","title":{"rendered":"TEMPORADA 2023"},"content":{"rendered":"\n<h2 class=\"wp-block-heading\">Ultimate<\/h2>\n\n\n\n<p>La temporada 2023 da inicio en el mes de diciembre del 2022, con los procesos <strong>junior mixto<\/strong> y <strong>Master femenino y masculino<\/strong> que se preparan para el torneo Nacional FECODV 2023 U25 y Master que se realizar\u00e1 en el mes de marzo del 2023.<\/p>\n\n\n\n<p>As\u00ed mismo se inicio como de costumbre con el proceso de <strong>Fundamentaci\u00f3n<\/strong> da inicios a mediados del mes de enero d\u00f3nde con una metodolog\u00eda muy estructurada se reciben tanto a aquellos deportistas que quieren dar inicio en ultimate frisbee como a a los deportistas que deben pulir y reforzar tem\u00e1ticas t\u00e9cnicas individuales que ya pertenecen a otros procesos del club. <\/p>\n\n\n\n<p>El proceso <strong>Open<\/strong> <strong>Mixto<\/strong> iniciar\u00e1 con un cambio de direccionamiento que implica una unificaci\u00f3n de criterios y la consolidaci\u00f3n del grupo a partir del mes de enero.<\/p>\n\n\n\n<p>Y como propuesta e iniciativa innovadora este a\u00f1o se realizar\u00e1 por primera vez la selecci\u00f3n de los mejores deportistas de todo el club (incluye todos los procesos) para confirmar el <strong>Team Nacional<\/strong>, proceso que se llevar\u00e1 de manera alterna a los procesos convencionales entre el mes de junio y octubre.<\/p>\n\n\n\n<p>Asi mismo el proceso <strong>Junior<\/strong> <strong>Mixto<\/strong> se va a enfocar de mayo a Noviembre a formar jugadores nuevos, a seguir trabajando con los deportistas antiguos para postular a la mayor cantidad de deportistas a selecciones Bogot\u00e1 y a unificar el grupo con fines de consolidar el equipo que representar\u00e1 al club en el torneo Nacional Junior de Clubes 2024.<\/p>\n\n\n\n<p>Y por \u00faltimo en los mismos tiempos, de Mayo a Noviembre el proceso <strong>Master Mixto<\/strong> se prepar\u00e1 para afrontar el Torneo Panamericano de Ultimate Frisbee en Punta Cana. <\/p>\n\n\n\n<h2 class=\"wp-block-heading\">Disc Golf <\/h2>\n\n\n\n<p>Siendo unos de los clubes pioneros, en la temporada 2023 se da inicio a la modalidad de disc golf en el club. Teniendo como objetivo dar a conocer e impulsar la practica de esta modalidad en Bogot\u00e1, del mismo modo planeamos tener a deportistas de nuestro club representando a la Capital en el torneo interligas en el mes de Junio &#8211; Julio y a dem\u00e1s participar del Torneo Nacional de Disc Golf con la mayor\u00eda de nuestros afiliados en las diferentes categor\u00edas.   <\/p>\n","protected":false},"excerpt":{"rendered":"<p>Ultimate La temporada 2023 da inicio en el mes de diciembre del 2022, con los procesos junior mixto y Master femenino y masculino que se preparan para el torneo Nacional FECODV 2023 U25 y Master que se realizar\u00e1 en el mes de marzo del 2023. As\u00ed mismo se inicio como de costumbre con el proceso [&hellip;]<\/p>\n","protected":false},"author":1,"featured_media":0,"parent":0,"menu_order":0,"comment_status":"closed","ping_status":"closed","template":"","meta":{"om_disable_all_campaigns":false,"_mi_skip_tracking":false},"aioseo_notices":[],"_links":{"self":[{"href":"https:\/\/halalultimateclub.com\/index.php\/wp-json\/wp\/v2\/pages\/82"}],"collection":[{"href":"https:\/\/halalultimateclub.com\/index.php\/wp-json\/wp\/v2\/pages"}],"about":[{"href":"https:\/\/halalultimateclub.com\/index.php\/wp-json\/wp\/v2\/types\/page"}],"author":[{"embeddable":true,"href":"https:\/\/halalultimateclub.com\/index.php\/wp-json\/wp\/v2\/users\/1"}],"replies":[{"embeddable":true,"href":"https:\/\/halalultimateclub.com\/index.php\/wp-json\/wp\/v2\/comments?post=82"}],"version-history":[{"count":4,"href":"https:\/\/halalultimateclub.com\/index.php\/wp-json\/wp\/v2\/pages\/82\/revisions"}],"predecessor-version":[{"id":123,"href":"https:\/\/halalultimateclub.com\/index.php\/wp-json\/wp\/v2\/pages\/82\/revisions\/123"}],"wp:attachment":[{"href":"https:\/\/halalultimateclub.com\/index.php\/wp-json\/wp\/v2\/media?parent=82"}],"curies":[{"name":"wp","href":"https:\/\/api.w.org\/{rel}","templated":true}]}}